late j(-6).
-27
Let l(j) = -j**2 + 2*j + 2. Calculate l(3).
-1
Let x(n) = 2*n + 21. What is x(13)?
47
Let a(y) = 22*y - 4. Give a(3).
62
Let n(z) = -z**2 + 12*z + 74. Give n(20).
-86
Let h(l) = l**2 + 4*l - 9. What is h(-8)?
23
Let b(y) = -7*y - 25. What is b(-19)?
108
Let j(f) = 9*f + 32. Determine j(-4).
-4
Let z(b) = 2*b**2 + 10*b - 24. Determine z(-11).
108
Let j(b) = b**3 - 23*b**2 - 2*b + 50. Give j(23).
4
Let q(t) = -t**3 + t**2 + 1. Calculate q(1).
1
Let g(i) = -9*i - 27. Calculate g(-4).
9
Let l(b) = -b**3 - 7*b**2 + 15*b - 3. Calculate l(-7).
-108
Let r(i) = -i**3 + 4*i**2 + 3*i - 2. What is r(4)?
10
Let w(s) = 2*s + 6. Give w(-8).
-10
Let v(m) = 7*m - 2. Give v(2).
12
Let q(p) = p**2 + 4*p - 5. What is q(-8)?
27
Let t(b) = -b**3 - 4*b**2 - 7*b + 7. Calculate t(4).
-149
Let l(k) = k**2 + k - 11. Calculate l(5).
19
Let i(u) = -u**2 - 3*u + 17. Give i(-5).
7
Let p(a) = -a**2 - 4*a + 33. Give p(-8).
1
Let u(f) = -f**3 - 7*f**2 - 5*f - 7. Determine u(-5).
-32
Let f(l) = 2*l - 20. Give f(7).
-6
Let m(z) = -z**2 - 17*z - 46. Determine m(-8).
26
Let p(v) = 2*v**2 - v + 6. Give p(-5).
61
Let j(m) = -m**2 - 3*m + 4. What is j(-6)?
-14
Let v(t) = 7*t**2 - t + 10. Calculate v(0).
10
Let m(y) = y**2 - 5*y - 28. Give m(9).
8
Let y(h) = -7*h - 2. Give y(-8).
54
Let f(r) = -r + 3. Determine f(-4).
7
Let j(t) = t**3 + 8*t**2 - 3*t - 5. Give j(-8).
19
Let z(y) = -y**3 + 6*y**2 - y - 4. Determine z(6).
-10
Let a(q) = -q**3 + 10*q. Calculate a(0).
0
Let n(u) = u**3 - 12*u**2 - 15*u + 4. Determine n(13).
-22
Let g(w) = w**2 - 59*w - 61. Determine g(60).
-1
Let t(p) = -p - 30. Calculate t(-13).
-17
Let a(m) = m**3 + 8*m**2 - 11*m + 12. What is a(-9)?
30
Let p(m) = -2*m**3 - 105*m**2 - 154*m - 50. What is p(-51)?
1
Let k(i) = -29*i - 2. What is k(3)?
-89
Let t(h) = -8*h**3 + h**2 - 6*h + 2. Give t(2).
-70
Let f(l) = -8*l - 3. Determine f(-5).
37
Let r(v) = -7*v**2 + 12*v + 2. Give r(3).
-25
Let r(g) = -5*g**2 - 8*g + 17. Calculate r(2).
-19
Let y(l) = -l**3 + 7*l**2 + 5*l + 17. Give y(8).
-7
Let n(f) = -14*f - 78. Determine n(-6).
6
Let h(m) = -m**2 - 19*m - 28. What is h(-17)?
6
Let c(o) = -2*o - 16. Determine c(-13).
10
Let s(g) = g**2 + 3*g - 23. Calculate s(-7).
5
Let h(g) = -g**3 - 3*g**2 + 17*g + 56. Determine h(-4).
4
Let a(p) = p**2 - 18*p + 81. What is a(7)?
4
Let v(o) = o**2 - 3. What is v(2)?
1
Let k(y) = -2*y**2 + y + 31. Give k(5).
-14
Let w(n) = -n**3 + 10*n**2 + 2*n - 12. Determine w(10).
8
Let z(l) = -3*l**2 - 5*l - 5. Determine z(-4).
-33
Let c(r) = r**2 - 17*r - 65. Calculate c(21).
19
Let j(g) = g**2 + 19*g - 42. Calculate j(-21).
0
Let o(d) = d**2 + 4*d - 19. Give o(0).
-19
Let g(p) = -2*p + 16. Give g(8).
0
Let y(t) = -t**3 - t**2 - 3*t - 3. Calculate y(-3).
24
Let k(v) = -v**3 - 5*v**2 - 2*v + 4. Calculate k(-2).
-4
Let b(r) = -r**3 + 9*r**2 - 14*r + 6. What is b(6)?
30
Let i(z) = 2*z**2 + 3*z - 2. Give i(1).
3
Let l(r) = r**2 - 14*r + 31. Calculate l(6).
-17
Let y(k) = k**3 - 4*k**2 + 7*k - 26. Calculate y(4).
2
Let q(v) = -v**2 - 18*v - 85. Calculate q(-10).
-5
Let p(d) = -d**3 - 18*d**2 - 17*d - 8. Determine p(-17).
-8
Let c(v) = v**2 + 2*v - 20. Give c(5).
15
Let j(s) = 2*s**3 + 2*s**2 + 10*s + 15. Determine j(-2).
-13
Let n(v) = -v**3 + 4*v**2 + 7*v - 11. Determine n(5).
-1
Let r(y) = -y**2 + 5*y - 4. What is r(7)?
-18
Let w(o) = -43*o. What is w(1)?
-43
Let v(b) = -b**3 - 6*b**2 - b - 4. What is v(-6)?
2
Let u(o) = 4*o + 152. Determine u(-33).
20
Let r(a) = a**2 + 64*a + 1024. Determine r(-32).
0
Let w(o) = -3*o - 4. What is w(-2)?
2
Let u(z) = 8*z - 5. Give u(0).
-5
Let u(l) = -l - 24. Calculate u(0).
-24
Let u(i) = -2*i + 19. Give u(15).
-11
Let i(h) = -9*h - 80. Calculate i(-8).
-8
Let m(f) = 3*f**3 - 38*f**2 - 10*f - 42. Calculate m(13).
-3
Let n(r) = -4*r + 3. What is n(1)?
-1
Let b(o) = o + 6. What is b(-11)?
-5
Let i(p) = 5*p - 10. Calculate i(-7).
-45
Let x(b) = -3*b - 2. Give x(-1).
1
Let m(f) = f**3 + 20*f**2 - 21*f - 16. What is m(-21)?
-16
Let o(m) = 7*m**2 + 2*m. What is o(2)?
32
Let x(n) = -n**3 - 16*n**2 + 6*n + 19. What is x(-16)?
-77
Let l(f) = -f**3 - 18*f**2 + f + 22. Give l(-18).
4
Let g(b) = b**2 - 8*b - 11. Calculate g(8).
-11
Let t(z) = -3*z + 38. Determine t(11).
5
Let o(t) = t**3 - 8*t**2 + t - 2. What is o(8)?
6
Let q(i) = i + 14. What is q(-14)?
0
Let a(y) = -y + 30. What is a(0)?
30
Let m(c) = 30*c - 4. Calculate m(2).
56
Let r(w) = -w**3 + 7*w**2 - 19*w + 9. What is r(6)?
-69
Let f(t) = -3*t**2 + 2*t + 24. Determine f(-5).
-61
Let t(s) = -s + 14. Give t(-12).
26
Let w(i) = i - 39. Determine w(0).
-39
Let s(a) = a**2 - 5*a - 9. Give s(-2).
5
Let c(p) = p**3 - 10*p**2 + 11*p + 3. Calculate c(7).
-67
Let j(z) = z**2 + 8*z + 3. Determine j(-4).
-13
Let m(n) = -7*n**3 - n**2 + 2*n - 2. Determine m(1).
-8
Let d(y) = -5*y**2 - 3*y + 2. Give d(-3).
-34
Let l(f) = -15*f + 1. Give l(-1).
16
Let i(s) = 3*s**3 - s**2 - 5*s + 7. Give i(2).
17
Let r(p) = -2*p**2 - 27*p - 25. Determine r(-14).
-39
Let f(m) = m**3 + 7*m**2 + 4*m + 4. What is f(-5)?
34
Let h(c) = 2*c**2 - 37*c + 139. Calculate h(13).
-4
Let m(c) = c**2 - 9*c - 12. What is m(11)?
10
Let n(j) = 4*j**2 - 16*j - 5. What is n(5)?
15
Let b(s) = -s**2 + 8*s + 44. Give b(16).
-84
Let p(j) = -j**2 - 4*j - 7. Determine p(-5).
-12
Let h(z) = -z**2 - 2*z - 13. Determine h(-5).
-28
Let m(j) = -2*j**2 - 7*j + 13. Give m(-10).
-117
Let x(d) = -3*d**2 - d. What is x(-1)?
-2
Let h(f) = -f**3 + 11*f**2 + f - 8. Determine h(11).
3
Let y(d) = -d + 12. What is y(0)?
12
Let t(l) = l**3 - 3*l**2 - 3*l - 12. What is t(4)?
-8
Let m(t) = t**2 - 7*t + 9. Give m(4).
-3
Let f(k) = 3*k**2 - 2*k + 1. Determine f(4).
41
Let o(c) = c**2 - 12*c + 26. What is o(9)?
-1
Let d(t) = t**2 - 3*t - 9. Give d(6).
9
Let s(z) = z**3 + 18*z**2 - 18*z - 4. Calculate s(-19).
-23
Let z(l) = l**3 + 9*l**2 - 8*l - 2. Determine z(-10).
-22
Let y(q) = -q**3 - 10*q**2 + 11*q - 7. Calculate y(-11).
-7
Let s(g) = -5*g + 11. Give s(0).
11
Let q(i) = i**3 - 7*i**2 - 5*i + 28. Determine q(7).
-7
Let g(k) = 2*k + 5. Determine g(0).
5
Let w(o) = 13*o**2 - 2*o + 1. Give w(1).
12
Let n(r) = 10*r - 2. What is n(3)?
28
Let x(v) = v**2 + 2*v + 4. Give x(0).
4
Let d(z) = -z**2 + 2*z + 15. What is d(5)?
0
Let z(g) = -4*g - 2. Give z(7).
-30
Let i(b) = b**2 - 13*b + 21. What is i(11)?
-1
Let w(s) = -s**3 + 3*s**2 - 5*s + 2. Give w(2).
-4
Let r(w) = w + 46. What is r(-49)?
-3
Let r(k) = k**3 + 6*k**2 - 6*k + 10. Give r(-7).
3
Let h(i) = i**3 - 8*i**2 - 11*i + 11. Determine h(9).
-7
Let a(b) = -b**3 - 29*b**2 - 30*b - 65. What is a(-28)?
-9
Let z(f) = -3*f + 4. What is z(5)?
-11
Let v(w) = 3*w**2 + 6*w - 6. Calculate v(3).
39
Let p(s) = -s**3 + s**2 + s + 2. Give p(-2).
12
Let c(b) = 3*b**3 + 45*b**2 + 3*b + 25. Calculate c(-15).
-20
Let x(r) = 8*r - 10. Determine x(-5).
-50
Let c(k) = 4*k - 24. What is c(8)?
8
Let z(m) = 3*m**3 - 22*m**2 + 7*m - 6. Calculate z(7).
-6
Let t(j) = -5*j - 70. Give t(-9).
-25
Let b(x) = -x**3 + 14*x**2 - 12*x + 12. What is b(13)?
25
Let j(o) = -o**2 - 13*o - 15. Calculate j(-14).
-29
Let k(q) = q**3 + 16*q**2 - 38*q - 25. Determine k(-18).
11
Let b(j) = j**3 - 9*j**2 + 19*j - 3. Calculate b(2).
7
Let d(j) = -j**3 + 3*j**2 + j + 3. Determine d(3).
6
Let b(o) = 2*o**2 + 4. Determine b(-4).
36
Let p(h) = 42*h - 294. Give p(7).
0
Let k(p) = p**3 - 4*p**2 + 4*p - 10. Give k(2).
-10
Let c(w) = -17*w**3 - w**2 + w + 3. What is c(-1)?
18
Let h(f) = f**3 - 7*f**2 - 8*f + 8. Determine h(6).
-76
Let z(k) = 2*k - 35. Calculate z(-6).
-47
Let q(h) = -h**3 - 2*h + 2. Give q(1).
-1
Let h(b) = 2*b**3 + 5*b**2 - 4*b - 3. Calculate h(-4).
-35
Let j(w) = 6*w**2 + w - 8. Calculate j(2).
18
Let u(t) = 3*t**2 - 3*t + 1. Determine u(3).
19
Let w(j) = -j**3 - 3*j**2 + 6*j + 17. Give w(-4).
9
Let i(p) = -3*p + 2. What is i(1)?
-1
Let n(z) = -36*z + 3. Determine n(2).
-69
Let o(c) = c + 2. Calculate o(0).
2
Let q(w) = 20*w - 375. Give q(18).
-15
Let l(h) = h**3 + h**2 + 20. Determine l(0).
20
Let z(f) = f**2 - 4*f + 10. Give z(7).
31
Let i(v) = -v**3 - 7*v**2 + 9*v - 9. Give i(-8).
-17
Let t(a) = 5*a + 40. What is t(-7)?
5
Let y(m) = m**3 - 3*m**2 - 9*m + 16. Calculate y(5).
21
Let j(p) = -21*p**3 + p**2 + p + 4. Calculate j(-2).
174
Let j(l) = -l**3 + 2*l**2 - 3*l - 2. Give j(4).
-46
Let q(t) = t + 14. Give q